{"id":1615,"date":"2026-04-29T07:46:18","date_gmt":"2026-04-29T07:46:18","guid":{"rendered":"https:\/\/enfocat-terapiavisual.com\/cat\/?page_id=1615"},"modified":"2026-04-29T07:48:20","modified_gmt":"2026-04-29T07:48:20","slug":"avis-legal","status":"publish","type":"page","link":"https:\/\/enfocat-terapiavisual.com\/cat\/avis-legal\/","title":{"rendered":"Av\u00eds legal"},"content":{"rendered":"\t\t<div data-elementor-type=\"wp-page\" data-elementor-id=\"1615\" class=\"elementor elementor-1615\" data-elementor-post-type=\"page\">\n\t\t\t\t<div class=\"elementor-element elementor-element-0a434c9 e-flex e-con-boxed e-con e-parent\" data-id=\"0a434c9\" data-element_type=\"container\" data-e-type=\"container\">\n\t\t\t\t\t<div class=\"e-con-inner\">\n\t\t\t\t<div class=\"elementor-element elementor-element-013ee06 elementor-widget elementor-widget-text-editor\" data-id=\"013ee06\" data-element_type=\"widget\" data-e-type=\"widget\" data-widget_type=\"text-editor.default\">\n\t\t\t\t<div class=\"elementor-widget-container\">\n\t\t\t\t\t\t\t\t\t<h1>Av\u00eds legal<\/h1><p>La responsable d&#8217;aquesta p\u00e0gina web \u00e9s: GE\u00d2RGIA GARC\u00cdA L\u00d3PEZ, amb C.I.F. 18981095T i domicili social en C\/ Vilamar\u00ed, 26 baixos local 2,08015, Barcelona (BARCELONA).<br \/>Tamb\u00e9 pots contactar amb nosaltres a trav\u00e9s del n\u00famero de tel\u00e8fon N\u00fam. 673 04 83 14 o a trav\u00e9s de la seg\u00fcent direcci\u00f3 d&#8217;e-mail: info@enfocat-terapiavisual.com<\/p><h2>Propietat Intel\u00b7lectual i Industrial<\/h2><p>El disseny d&#8217;aquest lloc web i els seus codis font, aix\u00ed com els logos, marques i altres signes distintius que apareixen en el mateix pertanyen a GE\u00d2RGIA GARC\u00cdA L\u00d3PEZ i estan protegits pels corresponents drets de propietat intel\u00b7lectual i industrial.<\/p><h2>Responsabilitat dels continguts<\/h2><p>GE\u00d2RGIA GARC\u00cdA L\u00d3PEZ no es fa responsable de la legalitat d&#8217;altres llocs web de tercers des dels quals pugui accedir-se a aquesta web. GE\u00d2RGIA GARC\u00cdA L\u00d3PEZ tampoc respon per la legalitat d&#8217;altres llocs web de tercers, que poguessin estar vinculats o enlla\u00e7ats des d&#8217;aquesta web.<br \/>GE\u00d2RGIA GARC\u00cdA L\u00d3PEZ es reserva el dret a fer canvis en el lloc web sense previ av\u00eds, a fi de mantenir actualitzada la seva informaci\u00f3, afegint, modificant, corregint o eliminant els continguts publicats o el disseny del portal.<br \/>GE\u00d2RGIA GARC\u00cdA L\u00d3PEZ no ser\u00e0 responsable de l&#8217;\u00fas que tercers facin de la informaci\u00f3 publicada en el portal, ni tampoc dels danys soferts o p\u00e8rdues econ\u00f2miques que, de manera directa o indirecta, produeixin o puguin produir perjudicis econ\u00f2mics, materials o sobre dades, provocats per l&#8217;\u00fas d&#8217;aquesta informaci\u00f3.<\/p><h2>Reproducci\u00f3 de continguts<\/h2><p>Es prohibeix la reproducci\u00f3 total o parcial dels continguts publicats en aquesta web sense l&#8217;autoritzaci\u00f3 pr\u00e8via i per escrit de GE\u00d2RGIA GARC\u00cdA L\u00d3PEZ.<br \/>Tota la informaci\u00f3 relativa a privacitat, la tens en la nostra Pol\u00edtica de Privacitat.<\/p><p>El present Av\u00eds Legal regula l&#8217;acc\u00e9s, navegaci\u00f3 i \u00fas del lloc web www.enfocat-terapiavisual.com (d&#8217;ara endavant, el \u00ablloc web\u00bb), titularitat de\u00a0Enfocat\u00a0Ter\u00e0pia Visual. En accedir i utilitzar aquest lloc web, l&#8217;usuari accepta les condicions establertes en aquest Av\u00eds Legal. Si no est\u00e0 d&#8217;acord amb aquestes condicions, li recomanem que no utilitzi el nostre lloc web.<\/p><p><!-- \/wp:paragraph --><\/p>\t\t\t\t\t\t\t\t<\/div>\n\t\t\t\t<\/div>\n\t\t\t\t\t<\/div>\n\t\t\t\t<\/div>\n\t\t\t\t<\/div>\n\t\t","protected":false},"excerpt":{"rendered":"<p>Av\u00eds legal La responsable d&#8217;aquesta p\u00e0gina web \u00e9s: GE\u00d2RGIA GARC\u00cdA L\u00d3PEZ, amb C.I.F. 18981095T i domicili social en C\/ Vilamar\u00ed, 26 baixos local 2,08015, Barcelona (BARCELONA).Tamb\u00e9 pots contactar amb nosaltres a trav\u00e9s del n\u00famero de tel\u00e8fon N\u00fam. 673 04 83 14 o a trav\u00e9s de la seg\u00fcent direcci\u00f3 d&#8217;e-mail: info@enfocat-terapiavisual.com Propietat Intel\u00b7lectual i Industrial El [&hellip;]<\/p>\n","protected":false},"author":1,"featured_media":0,"parent":0,"menu_order":0,"comment_status":"closed","ping_status":"closed","template":"","meta":{"inline_featured_image":false,"editor_notices":[],"_joinchat":[],"footnotes":""},"class_list":["post-1615","page","type-page","status-publish","hentry"],"_links":{"self":[{"href":"https:\/\/enfocat-terapiavisual.com\/cat\/wp-json\/wp\/v2\/pages\/1615","targetHints":{"allow":["GET"]}}],"collection":[{"href":"https:\/\/enfocat-terapiavisual.com\/cat\/wp-json\/wp\/v2\/pages"}],"about":[{"href":"https:\/\/enfocat-terapiavisual.com\/cat\/wp-json\/wp\/v2\/types\/page"}],"author":[{"embeddable":true,"href":"https:\/\/enfocat-terapiavisual.com\/cat\/wp-json\/wp\/v2\/users\/1"}],"replies":[{"embeddable":true,"href":"https:\/\/enfocat-terapiavisual.com\/cat\/wp-json\/wp\/v2\/comments?post=1615"}],"version-history":[{"count":7,"href":"https:\/\/enfocat-terapiavisual.com\/cat\/wp-json\/wp\/v2\/pages\/1615\/revisions"}],"predecessor-version":[{"id":1622,"href":"https:\/\/enfocat-terapiavisual.com\/cat\/wp-json\/wp\/v2\/pages\/1615\/revisions\/1622"}],"wp:attachment":[{"href":"https:\/\/enfocat-terapiavisual.com\/cat\/wp-json\/wp\/v2\/media?parent=1615"}],"curies":[{"name":"wp","href":"https:\/\/api.w.org\/{rel}","templated":true}]}}

Avís legal

<div data-elementor-type="wp-page" data-elementor-id="1615" class="elementor elementor-1615" data-elementor-post-type="page">
				<div class="elementor-element elementor-element-0a434c9 e-flex e-con-boxed e-con e-parent" data-id="0a434c9" data-element_type="container" data-e-type="container">
					<div class="e-con-inner">
				<div class="elementor-element elementor-element-013ee06 elementor-widget elementor-widget-text-editor" data-id="013ee06" data-element_type="widget" data-e-type="widget" data-widget_type="text-editor.default">
				<div class="elementor-widget-container">
									<h1>Avís legal</h1><p>La responsable d&#8217;aquesta pàgina web és: GEÒRGIA GARCÍA LÓPEZ, amb C.I.F. 18981095T i domicili social en C/ Vilamarí, 26 baixos local 2,08015, Barcelona (BARCELONA).<br />També pots contactar amb nosaltres a través del número de telèfon Núm. 673 04 83 14 o a través de la següent direcció d&#8217;e-mail: info@enfocat-terapiavisual.com</p><h2>Propietat Intel·lectual i Industrial</h2><p>El disseny d&#8217;aquest lloc web i els seus codis font, així com els logos, marques i altres signes distintius que apareixen en el mateix pertanyen a GEÒRGIA GARCÍA LÓPEZ i estan protegits pels corresponents drets de propietat intel·lectual i industrial.</p><h2>Responsabilitat dels continguts</h2><p>GEÒRGIA GARCÍA LÓPEZ no es fa responsable de la legalitat d&#8217;altres llocs web de tercers des dels quals pugui accedir-se a aquesta web. GEÒRGIA GARCÍA LÓPEZ tampoc respon per la legalitat d&#8217;altres llocs web de tercers, que poguessin estar vinculats o enllaçats des d&#8217;aquesta web.<br />GEÒRGIA GARCÍA LÓPEZ es reserva el dret a fer canvis en el lloc web sense previ avís, a fi de mantenir actualitzada la seva informació, afegint, modificant, corregint o eliminant els continguts publicats o el disseny del portal.<br />GEÒRGIA GARCÍA LÓPEZ no serà responsable de l&#8217;ús que tercers facin de la informació publicada en el portal, ni tampoc dels danys soferts o pèrdues econòmiques que, de manera directa o indirecta, produeixin o puguin produir perjudicis econòmics, materials o sobre dades, provocats per l&#8217;ús d&#8217;aquesta informació.</p><h2>Reproducció de continguts</h2><p>Es prohibeix la reproducció total o parcial dels continguts publicats en aquesta web sense l&#8217;autorització prèvia i per escrit de GEÒRGIA GARCÍA LÓPEZ.<br />Tota la informació relativa a privacitat, la tens en la nostra Política de Privacitat.</p><p>El present Avís Legal regula l&#8217;accés, navegació i ús del lloc web www.enfocat-terapiavisual.com (d&#8217;ara endavant, el «lloc web»), titularitat de Enfocat Teràpia Visual. En accedir i utilitzar aquest lloc web, l&#8217;usuari accepta les condicions establertes en aquest Avís Legal. Si no està d&#8217;acord amb aquestes condicions, li recomanem que no utilitzi el nostre lloc web.</p><p><!-- /wp:paragraph --></p>								</div>
				</div>
					</div>
				</div>
				</div>

<p>Avís legal La responsable d&#8217;aquesta pàgina web és: GEÒRGIA GARCÍA LÓPEZ, amb C.I.F. 18981095T i domicili social en C/ Vilamarí, 26 baixos local 2,08015, Barcelona (BARCELONA).També pots contactar amb nosaltres a través del número de telèfon Núm. 673 04 83 14 o a través de la següent direcció d&#8217;e-mail: info@enfocat-terapiavisual.com Propietat Intel·lectual i Industrial El [&hellip;]</p>
