{"id":23,"date":"2024-04-18T15:10:22","date_gmt":"2024-04-18T15:10:22","guid":{"rendered":"https:\/\/enfocat-terapiavisual.com\/?page_id=23"},"modified":"2026-04-27T10:41:46","modified_gmt":"2026-04-27T10:41:46","slug":"ull-gandul-o-ambliopia","status":"publish","type":"page","link":"https:\/\/enfocat-terapiavisual.com\/cat\/ull-gandul-o-ambliopia\/","title":{"rendered":"Ull gandul o ambliopia"},"content":{"rendered":"\t\t<div data-elementor-type=\"wp-page\" data-elementor-id=\"23\" class=\"elementor elementor-23\" data-elementor-post-type=\"page\">\n\t\t\t\t<div class=\"elementor-element elementor-element-537cc02 e-flex e-con-boxed e-con e-parent\" data-id=\"537cc02\" data-element_type=\"container\" data-e-type=\"container\" data-settings=\"{&quot;background_background&quot;:&quot;video&quot;,&quot;background_video_link&quot;:&quot;https:\\\/\\\/enfocat-terapiavisual.com\\\/wp-content\\\/uploads\\\/tratamiento-del-ojo-vago-o-ambliopia.mp4&quot;,&quot;background_play_on_mobile&quot;:&quot;yes&quot;}\">\n\t\t\t\t\t<div class=\"e-con-inner\">\n\t\t<div class=\"elementor-background-video-container\">\n\t\t\t\t\t\t\t<video class=\"elementor-background-video-hosted\" role=\"presentation\" autoplay muted playsinline loop><\/video>\n\t\t\t\t\t<\/div>\t\t<div class=\"elementor-element elementor-element-a72c73a elementor-widget elementor-widget-heading\" data-id=\"a72c73a\" data-element_type=\"widget\" data-e-type=\"widget\" data-widget_type=\"heading.default\">\n\t\t\t\t<div class=\"elementor-widget-container\">\n\t\t\t\t\t<h1 class=\"elementor-heading-title elementor-size-default\">Tractament d'Ull gandul o Ambliopia\n<\/h1>\t\t\t\t<\/div>\n\t\t\t\t<\/div>\n\t\t\t\t<div class=\"elementor-element elementor-element-790e831 elementor-align-center elementor-widget elementor-widget-button\" data-id=\"790e831\" data-element_type=\"widget\" data-e-type=\"widget\" data-widget_type=\"button.default\">\n\t\t\t\t<div class=\"elementor-widget-container\">\n\t\t\t\t\t\t\t\t\t<div class=\"elementor-button-wrapper\">\n\t\t\t\t\t<a class=\"elementor-button elementor-button-link elementor-size-sm\" href=\"\/cat\/contacte\/\">\n\t\t\t\t\t\t<span class=\"elementor-button-content-wrapper\">\n\t\t\t\t\t\t\t\t\t<span class=\"elementor-button-text\"> Comen\u00e7a avui<\/span>\n\t\t\t\t\t<\/span>\n\t\t\t\t\t<\/a>\n\t\t\t\t<\/div>\n\t\t\t\t\t\t\t\t<\/div>\n\t\t\t\t<\/div>\n\t\t\t\t\t<\/div>\n\t\t\t\t<\/div>\n\t\t<div class=\"elementor-element elementor-element-4e39ef12 e-con-full e-flex e-con e-parent\" data-id=\"4e39ef12\" data-element_type=\"container\" data-e-type=\"container\">\n\t\t<div class=\"elementor-element elementor-element-28d45683 e-con-full e-flex e-con e-child\" data-id=\"28d45683\" data-element_type=\"container\" data-e-type=\"container\">\n\t\t\t\t<div class=\"elementor-element elementor-element-70bcc017 elementor-invisible elementor-widget elementor-widget-heading\" data-id=\"70bcc017\" data-element_type=\"widget\" data-e-type=\"widget\" data-settings=\"{&quot;_animation&quot;:&quot;zoomIn&quot;}\" data-widget_type=\"heading.default\">\n\t\t\t\t<div class=\"elementor-widget-container\">\n\t\t\t\t\t<h2 class=\"elementor-heading-title elementor-size-default\">Qu\u00e8 \u00e9s l'Ambliopia?\n<\/h2>\t\t\t\t<\/div>\n\t\t\t\t<\/div>\n\t\t\t\t<div class=\"elementor-element elementor-element-fe394f3 elementor-widget-divider--view-line elementor-widget elementor-widget-divider\" data-id=\"fe394f3\" data-element_type=\"widget\" data-e-type=\"widget\" data-widget_type=\"divider.default\">\n\t\t\t\t<div class=\"elementor-widget-container\">\n\t\t\t\t\t\t\t<div class=\"elementor-divider\">\n\t\t\t<span class=\"elementor-divider-separator\">\n\t\t\t\t\t\t<\/span>\n\t\t<\/div>\n\t\t\t\t\t\t<\/div>\n\t\t\t\t<\/div>\n\t\t\t\t<div class=\"elementor-element elementor-element-2abeacf elementor-widget elementor-widget-text-editor\" data-id=\"2abeacf\" data-element_type=\"widget\" data-e-type=\"widget\" data-widget_type=\"text-editor.default\">\n\t\t\t\t<div class=\"elementor-widget-container\">\n\t\t\t\t\t\t\t\t\t<p>L&#8217;ambliopia, coneguda com a \u00abull gandul\u00bb, \u00e9s una condici\u00f3 visual en la qual un dels ulls no desenvolupa una visi\u00f3 normal durant la inf\u00e0ncia, la qual cosa resulta en una disminuci\u00f3 de la capacitat visual en aquest ull.<\/p>\n<p>Aquest fenomen succeeix quan el cervell i l&#8217;ull afectat no treballen junts adequadament, portant al cervell a dependre m\u00e9s de l&#8217;ull sa.&nbsp;\u00c9s la principal causa de p\u00e8rdua de visi\u00f3 en nens i afecta aproximadament a 3 de cada 100 nens.&nbsp;<\/p>\n<p>Identificar i tractar l&#8217;ambliopia a temps pot prevenir dificultats visuals en el futur.<\/p>\t\t\t\t\t\t\t\t<\/div>\n\t\t\t\t<\/div>\n\t\t\t\t<\/div>\n\t\t\t\t<div class=\"elementor-element elementor-element-78859b49 elementor-widget__width-initial elementor-widget-tablet__width-inherit elementor-invisible elementor-widget elementor-widget-image\" data-id=\"78859b49\" data-element_type=\"widget\" data-e-type=\"widget\" data-settings=\"{&quot;_animation&quot;:&quot;fadeInRight&quot;}\" data-widget_type=\"image.default\">\n\t\t\t\t<div class=\"elementor-widget-container\">\n\t\t\t\t\t\t\t\t\t\t\t\t\t\t\t<img fetchpriority=\"high\" decoding=\"async\" width=\"600\" height=\"700\" src=\"https:\/\/enfocat-terapiavisual.com\/cat\/wp-content\/uploads\/sites\/8\/ambliopia-tractament.jpg\" class=\"attachment-full size-full wp-image-1499\" alt=\"\" srcset=\"https:\/\/enfocat-terapiavisual.com\/cat\/wp-content\/uploads\/sites\/8\/ambliopia-tractament.jpg 600w, https:\/\/enfocat-terapiavisual.com\/cat\/wp-content\/uploads\/sites\/8\/ambliopia-tractament-257x300.jpg 257w\" sizes=\"(max-width: 600px) 100vw, 600px\" \/>\t\t\t\t\t\t\t\t\t\t\t\t\t\t\t<\/div>\n\t\t\t\t<\/div>\n\t\t\t\t<\/div>\n\t\t<div class=\"elementor-element elementor-element-e6f67d0 e-con-full e-flex e-con e-parent\" data-id=\"e6f67d0\" data-element_type=\"container\" data-e-type=\"container\">\n\t\t\t\t<div class=\"elementor-element elementor-element-966400a elementor-widget__width-initial elementor-widget-tablet__width-inherit elementor-invisible elementor-widget elementor-widget-image\" data-id=\"966400a\" data-element_type=\"widget\" data-e-type=\"widget\" data-settings=\"{&quot;_animation&quot;:&quot;fadeInLeft&quot;}\" data-widget_type=\"image.default\">\n\t\t\t\t<div class=\"elementor-widget-container\">\n\t\t\t\t\t\t\t\t\t\t\t\t\t\t\t<img decoding=\"async\" width=\"600\" height=\"700\" src=\"https:\/\/enfocat-terapiavisual.com\/cat\/wp-content\/uploads\/sites\/8\/tractament-Ull-gandul-barcelona.jpg\" class=\"attachment-full size-full wp-image-1500\" alt=\"\" srcset=\"https:\/\/enfocat-terapiavisual.com\/cat\/wp-content\/uploads\/sites\/8\/tractament-Ull-gandul-barcelona.jpg 600w, https:\/\/enfocat-terapiavisual.com\/cat\/wp-content\/uploads\/sites\/8\/tractament-Ull-gandul-barcelona-257x300.jpg 257w\" sizes=\"(max-width: 600px) 100vw, 600px\" \/>\t\t\t\t\t\t\t\t\t\t\t\t\t\t\t<\/div>\n\t\t\t\t<\/div>\n\t\t<div class=\"elementor-element elementor-element-0f0ff86 e-con-full e-flex e-con e-child\" data-id=\"0f0ff86\" data-element_type=\"container\" data-e-type=\"container\">\n\t\t\t\t<div class=\"elementor-element elementor-element-a96e568 elementor-invisible elementor-widget elementor-widget-heading\" data-id=\"a96e568\" data-element_type=\"widget\" data-e-type=\"widget\" data-settings=\"{&quot;_animation&quot;:&quot;zoomIn&quot;}\" data-widget_type=\"heading.default\">\n\t\t\t\t<div class=\"elementor-widget-container\">\n\t\t\t\t\t<h2 class=\"elementor-heading-title elementor-size-default\">Tractament i recuperaci\u00f3<\/h2>\t\t\t\t<\/div>\n\t\t\t\t<\/div>\n\t\t\t\t<div class=\"elementor-element elementor-element-ff5d76b elementor-widget-divider--view-line elementor-widget elementor-widget-divider\" data-id=\"ff5d76b\" data-element_type=\"widget\" data-e-type=\"widget\" data-widget_type=\"divider.default\">\n\t\t\t\t<div class=\"elementor-widget-container\">\n\t\t\t\t\t\t\t<div class=\"elementor-divider\">\n\t\t\t<span class=\"elementor-divider-separator\">\n\t\t\t\t\t\t<\/span>\n\t\t<\/div>\n\t\t\t\t\t\t<\/div>\n\t\t\t\t<\/div>\n\t\t\t\t<div class=\"elementor-element elementor-element-393e0cd elementor-widget__width-initial elementor-widget elementor-widget-text-editor\" data-id=\"393e0cd\" data-element_type=\"widget\" data-e-type=\"widget\" data-widget_type=\"text-editor.default\">\n\t\t\t\t<div class=\"elementor-widget-container\">\n\t\t\t\t\t\t\t\t\t<p>El tractament de l&#8217;ambliopia s&#8217;enfoca a estimular l&#8217;ull m\u00e9s feble per a millorar la seva visi\u00f3 i coordinaci\u00f3. Sol incloure diverses estrat\u00e8gies, com l&#8217;\u00fas de pegats, exercicis de ter\u00e0pia visual i l&#8217;\u00fas d&#8217;ulleres per a corregir defectes refractius.\u00a0<br \/><br \/>La ter\u00e0pia visual se centra en exercicis espec\u00edfics que estimulen i treballen sobre l&#8217;ull feble, d&#8217;aquesta manera equilibrem la funci\u00f3 visual entre tots dos ulls i fomentem la visi\u00f3 binocular.<br \/><br \/>En aquests casos, la detecci\u00f3 i l&#8217;actuaci\u00f3 sobre l&#8217;ambliopia \u00e9s essencial que es realitzi al m\u00e9s aviat possible.<\/p>\t\t\t\t\t\t\t\t<\/div>\n\t\t\t\t<\/div>\n\t\t\t\t<div class=\"elementor-element elementor-element-4e184a5 elementor-align-center elementor-widget elementor-widget-button\" data-id=\"4e184a5\" data-element_type=\"widget\" data-e-type=\"widget\" data-widget_type=\"button.default\">\n\t\t\t\t<div class=\"elementor-widget-container\">\n\t\t\t\t\t\t\t\t\t<div class=\"elementor-button-wrapper\">\n\t\t\t\t\t<a class=\"elementor-button elementor-button-link elementor-size-sm\" href=\"\/cat\/contacte\/\">\n\t\t\t\t\t\t<span class=\"elementor-button-content-wrapper\">\n\t\t\t\t\t\t\t\t\t<span class=\"elementor-button-text\">Demana la teva cita<\/span>\n\t\t\t\t\t<\/span>\n\t\t\t\t\t<\/a>\n\t\t\t\t<\/div>\n\t\t\t\t\t\t\t\t<\/div>\n\t\t\t\t<\/div>\n\t\t\t\t<\/div>\n\t\t\t\t<\/div>\n\t\t\t\t<\/div>\n\t\t","protected":false},"excerpt":{"rendered":"<p>Tractament d&#8217;Ull gandul o Ambliopia Comen\u00e7a avui Qu\u00e8 \u00e9s l&#8217;Ambliopia? L&#8217;ambliopia, coneguda com a \u00abull gandul\u00bb, \u00e9s una condici\u00f3 visual en la qual un dels ulls no desenvolupa una visi\u00f3 normal durant la inf\u00e0ncia, la qual cosa resulta en una disminuci\u00f3 de la capacitat visual en aquest ull. Aquest fenomen succeeix quan el cervell i [&hellip;]<\/p>\n","protected":false},"author":1,"featured_media":0,"parent":0,"menu_order":0,"comment_status":"closed","ping_status":"closed","template":"","meta":{"inline_featured_image":false,"editor_notices":[],"_joinchat":[],"footnotes":""},"class_list":["post-23","page","type-page","status-publish","hentry"],"_links":{"self":[{"href":"https:\/\/enfocat-terapiavisual.com\/cat\/wp-json\/wp\/v2\/pages\/23","targetHints":{"allow":["GET"]}}],"collection":[{"href":"https:\/\/enfocat-terapiavisual.com\/cat\/wp-json\/wp\/v2\/pages"}],"about":[{"href":"https:\/\/enfocat-terapiavisual.com\/cat\/wp-json\/wp\/v2\/types\/page"}],"author":[{"embeddable":true,"href":"https:\/\/enfocat-terapiavisual.com\/cat\/wp-json\/wp\/v2\/users\/1"}],"replies":[{"embeddable":true,"href":"https:\/\/enfocat-terapiavisual.com\/cat\/wp-json\/wp\/v2\/comments?post=23"}],"version-history":[{"count":81,"href":"https:\/\/enfocat-terapiavisual.com\/cat\/wp-json\/wp\/v2\/pages\/23\/revisions"}],"predecessor-version":[{"id":1598,"href":"https:\/\/enfocat-terapiavisual.com\/cat\/wp-json\/wp\/v2\/pages\/23\/revisions\/1598"}],"wp:attachment":[{"href":"https:\/\/enfocat-terapiavisual.com\/cat\/wp-json\/wp\/v2\/media?parent=23"}],"curies":[{"name":"wp","href":"https:\/\/api.w.org\/{rel}","templated":true}]}}

<div data-elementor-type="wp-page" data-elementor-id="23" class="elementor elementor-23" data-elementor-post-type="page">
				<div class="elementor-element elementor-element-537cc02 e-flex e-con-boxed e-con e-parent" data-id="537cc02" data-element_type="container" data-e-type="container" data-settings="{&quot;background_background&quot;:&quot;video&quot;,&quot;background_video_link&quot;:&quot;https:\/\/enfocat-terapiavisual.com\/wp-content\/uploads\/tratamiento-del-ojo-vago-o-ambliopia.mp4&quot;,&quot;background_play_on_mobile&quot;:&quot;yes&quot;}">
					<div class="e-con-inner">
		<div class="elementor-background-video-container">
							<video class="elementor-background-video-hosted" role="presentation" autoplay muted playsinline loop></video>
					</div>		<div class="elementor-element elementor-element-a72c73a elementor-widget elementor-widget-heading" data-id="a72c73a" data-element_type="widget" data-e-type="widget" data-widget_type="heading.default">
				<div class="elementor-widget-container">
					<h1 class="elementor-heading-title elementor-size-default">Tractament d'Ull gandul o Ambliopia
</h1>				</div>
				</div>
				<div class="elementor-element elementor-element-790e831 elementor-align-center elementor-widget elementor-widget-button" data-id="790e831" data-element_type="widget" data-e-type="widget" data-widget_type="button.default">
				<div class="elementor-widget-container">
									<div class="elementor-button-wrapper">
					<a class="elementor-button elementor-button-link elementor-size-sm" href="/cat/contacte/">
						<span class="elementor-button-content-wrapper">
									<span class="elementor-button-text"> Comença avui</span>
					</span>
					</a>
				</div>
								</div>
				</div>
					</div>
				</div>
		<div class="elementor-element elementor-element-4e39ef12 e-con-full e-flex e-con e-parent" data-id="4e39ef12" data-element_type="container" data-e-type="container">
		<div class="elementor-element elementor-element-28d45683 e-con-full e-flex e-con e-child" data-id="28d45683" data-element_type="container" data-e-type="container">
				<div class="elementor-element elementor-element-70bcc017 elementor-invisible elementor-widget elementor-widget-heading" data-id="70bcc017" data-element_type="widget" data-e-type="widget" data-settings="{&quot;_animation&quot;:&quot;zoomIn&quot;}" data-widget_type="heading.default">
				<div class="elementor-widget-container">
					<h2 class="elementor-heading-title elementor-size-default">Què és l'Ambliopia?
</h2>				</div>
				</div>
				<div class="elementor-element elementor-element-fe394f3 elementor-widget-divider--view-line elementor-widget elementor-widget-divider" data-id="fe394f3" data-element_type="widget" data-e-type="widget" data-widget_type="divider.default">
				<div class="elementor-widget-container">
							<div class="elementor-divider">
			<span class="elementor-divider-separator">
						</span>
		</div>
						</div>
				</div>
				<div class="elementor-element elementor-element-2abeacf elementor-widget elementor-widget-text-editor" data-id="2abeacf" data-element_type="widget" data-e-type="widget" data-widget_type="text-editor.default">
				<div class="elementor-widget-container">
									<p>L&#8217;ambliopia, coneguda com a «ull gandul», és una condició visual en la qual un dels ulls no desenvolupa una visió normal durant la infància, la qual cosa resulta en una disminució de la capacitat visual en aquest ull.</p>
<p>Aquest fenomen succeeix quan el cervell i l&#8217;ull afectat no treballen junts adequadament, portant al cervell a dependre més de l&#8217;ull sa.&nbsp;És la principal causa de pèrdua de visió en nens i afecta aproximadament a 3 de cada 100 nens.&nbsp;</p>
<p>Identificar i tractar l&#8217;ambliopia a temps pot prevenir dificultats visuals en el futur.</p>								</div>
				</div>
				</div>
				<div class="elementor-element elementor-element-78859b49 elementor-widget__width-initial elementor-widget-tablet__width-inherit elementor-invisible elementor-widget elementor-widget-image" data-id="78859b49" data-element_type="widget" data-e-type="widget" data-settings="{&quot;_animation&quot;:&quot;fadeInRight&quot;}" data-widget_type="image.default">
				<div class="elementor-widget-container">
															<img fetchpriority="high" decoding="async" width="600" height="700" src="https://enfocat-terapiavisual.com/cat/wp-content/uploads/sites/8/ambliopia-tractament.jpg" class="attachment-full size-full wp-image-1499" alt="" srcset="https://enfocat-terapiavisual.com/cat/wp-content/uploads/sites/8/ambliopia-tractament.jpg 600w, https://enfocat-terapiavisual.com/cat/wp-content/uploads/sites/8/ambliopia-tractament-257x300.jpg 257w" sizes="(max-width: 600px) 100vw, 600px" />															</div>
				</div>
				</div>
		<div class="elementor-element elementor-element-e6f67d0 e-con-full e-flex e-con e-parent" data-id="e6f67d0" data-element_type="container" data-e-type="container">
				<div class="elementor-element elementor-element-966400a elementor-widget__width-initial elementor-widget-tablet__width-inherit elementor-invisible elementor-widget elementor-widget-image" data-id="966400a" data-element_type="widget" data-e-type="widget" data-settings="{&quot;_animation&quot;:&quot;fadeInLeft&quot;}" data-widget_type="image.default">
				<div class="elementor-widget-container">
															<img decoding="async" width="600" height="700" src="https://enfocat-terapiavisual.com/cat/wp-content/uploads/sites/8/tractament-Ull-gandul-barcelona.jpg" class="attachment-full size-full wp-image-1500" alt="" srcset="https://enfocat-terapiavisual.com/cat/wp-content/uploads/sites/8/tractament-Ull-gandul-barcelona.jpg 600w, https://enfocat-terapiavisual.com/cat/wp-content/uploads/sites/8/tractament-Ull-gandul-barcelona-257x300.jpg 257w" sizes="(max-width: 600px) 100vw, 600px" />															</div>
				</div>
		<div class="elementor-element elementor-element-0f0ff86 e-con-full e-flex e-con e-child" data-id="0f0ff86" data-element_type="container" data-e-type="container">
				<div class="elementor-element elementor-element-a96e568 elementor-invisible elementor-widget elementor-widget-heading" data-id="a96e568" data-element_type="widget" data-e-type="widget" data-settings="{&quot;_animation&quot;:&quot;zoomIn&quot;}" data-widget_type="heading.default">
				<div class="elementor-widget-container">
					<h2 class="elementor-heading-title elementor-size-default">Tractament i recuperació</h2>				</div>
				</div>
				<div class="elementor-element elementor-element-ff5d76b elementor-widget-divider--view-line elementor-widget elementor-widget-divider" data-id="ff5d76b" data-element_type="widget" data-e-type="widget" data-widget_type="divider.default">
				<div class="elementor-widget-container">
							<div class="elementor-divider">
			<span class="elementor-divider-separator">
						</span>
		</div>
						</div>
				</div>
				<div class="elementor-element elementor-element-393e0cd elementor-widget__width-initial elementor-widget elementor-widget-text-editor" data-id="393e0cd" data-element_type="widget" data-e-type="widget" data-widget_type="text-editor.default">
				<div class="elementor-widget-container">
									<p>El tractament de l&#8217;ambliopia s&#8217;enfoca a estimular l&#8217;ull més feble per a millorar la seva visió i coordinació. Sol incloure diverses estratègies, com l&#8217;ús de pegats, exercicis de teràpia visual i l&#8217;ús d&#8217;ulleres per a corregir defectes refractius. <br /><br />La teràpia visual se centra en exercicis específics que estimulen i treballen sobre l&#8217;ull feble, d&#8217;aquesta manera equilibrem la funció visual entre tots dos ulls i fomentem la visió binocular.<br /><br />En aquests casos, la detecció i l&#8217;actuació sobre l&#8217;ambliopia és essencial que es realitzi al més aviat possible.</p>								</div>
				</div>
				<div class="elementor-element elementor-element-4e184a5 elementor-align-center elementor-widget elementor-widget-button" data-id="4e184a5" data-element_type="widget" data-e-type="widget" data-widget_type="button.default">
				<div class="elementor-widget-container">
									<div class="elementor-button-wrapper">
					<a class="elementor-button elementor-button-link elementor-size-sm" href="/cat/contacte/">
						<span class="elementor-button-content-wrapper">
									<span class="elementor-button-text">Demana la teva cita</span>
					</span>
					</a>
				</div>
								</div>
				</div>
				</div>
				</div>
				</div>

<p>Tractament d&#8217;Ull gandul o Ambliopia Comença avui Què és l&#8217;Ambliopia? L&#8217;ambliopia, coneguda com a «ull gandul», és una condició visual en la qual un dels ulls no desenvolupa una visió normal durant la infància, la qual cosa resulta en una disminució de la capacitat visual en aquest ull. Aquest fenomen succeeix quan el cervell i [&hellip;]</p>
